4 - -97 - -98.
105
Calculate (30 - -17 - 28 - 8) + -3 + -33 + -2.
-27
What is 42 + (-26 - -28 - 9 - (0 + -6))?
41
Evaluate -113 + 123 - ((2 - 4 - -3) + 74 + 0).
-65
What is -26 + 105 + (-30 - 5) + (-1 - (-1 + 5))?
39
Calculate 0 + -15 + 3 - (745 - 765).
8
Calculate 72 + -1 + 3065 + -3120.
16
What is 13 - (4 + 4 + 0 + 4 - 28)?
29
Evaluate 40 + 184 + -162 - (-2 - (-2 - 0 - 0)).
62
What is 284 + -276 - (10 + 6 + -7 - -1)?
-2
Calculate -10 + 44 + -5 + (-124 - -37).
-58
Calculate (2 - (-23 + (0 - -7))) + (-3 + -17 - -9).
7
(-10 - -1 - (-4 - 18 - -19)) + 9
3
What is (12 + -6 - (9 - (-10 + 15))) + 5 + 55?
62
What is the value of 4 + (-1 - -18) + -39 + (-18 - -47)?
11
Calculate -11 - ((-3 - (-5 + -3)) + -18 - (-19 - 0)).
-17
(-2 - 7 - (3 + -1 + -8)) + (173 - 29)
141
Calculate -20 - (-6 - (-37 - (11 + -23))).
-39
What is the value of -53 - (-27 - -56 - 85)?
3
Calculate -224 + (126 - -44 - 45).
-99
Calculate -2 + 21 + 100 + (-29 + 55 - 56).
89
Evaluate -1 + 4 + (4 + -3 - -4) - (-8 - 73).
89
What is the value of -33 - (-11 + 21 - (-3 - (2 + -22)) - -17)?
-43
Calculate (50 - (10 + -3 + -3) - (-104 + 93)) + 7.
64
Calculate 3 + -35 + (-17 - (-13 + 13 + -33)).
-16
What is -2 + (-15 - (13 + -14 - (21 + 0)))?
5
Evaluate (-7 - (104 + -74)) + -12.
-49
What is -24 + -13 + 39 + 5 - (2 - (0 + 24))?
29
What is -30 + -3 + (4 - 47) + 0?
-76
What is the value of -64 - (0 + -15 + (-208 - -232) + -2)?
-71
(3 - 25) + -2 + (0 + 30 - 23) + -13
-30
What is 62 + -134 - -63 - -83?
74
2 + 1 - 14 - (-16 + (2 - -41) + -56)
18
-42 + 17 + 15 - (-44 + -2 + -4)
40
What is 172 - 104 - 8 - -12?
72
Calculate (25 - (7 - ((7 - 6) + 9))) + 7.
35
What is -8 - (-10 + -3 - -19 - (1 - -5 - 1))?
-9
What is the value of (-62 - -108) + (-46 - 27)?
-27
980 + -999 + (0 - -44)
25
0 - -11 - (24 + -18 + -21 - -82)
-56
What is the value of -28 + -364 + 397 + (2 - 52)?
-45
Calculate 157 + -440 + (156 - -3).
-124
Evaluate -115 - -101 - (9 - 64).
41
12 - 44 - (11 - (8 - 7))
-42
Calculate -1 + 8 - (-15 - (-27 + (-4 - -14) - -9)).
14
Calculate (3 - -1) + (4 + 9 - (35 + -61)).
43
What is -7453 + 7715 - (139 + 1)?
122
What is -28 + 6 + (-47 - (-41 + 28))?
-56
39 - (99 - -1 - (25 - 17))
-53
Calculate (39 - 179 - -48) + 11 + -3 + 7.
-77
What is 30 + -11 + (-5 - 0) + -15 - (1 - 40)?
38
What is the value of -11 + -122 + (26 - -22) + -9?
-94
Calculate 7 + (-122 - -49) - -81.
15
(6 + -1 - ((10 - 31) + 14) - -42) + -11
43
Calculate 12 - (4 + (4 - 3) + -72 + 43).
36
-47 + 15 - (-10 + -19) - (-77 - 0)
74
-22 + (-12 + -9 - 13) + 27
-29
What is 11 - 41 - (12 + -12) - -125?
95
What is -1 + -14 - (-5 - (19 + -12)) - 10?
-13
Evaluate -31 - (-7 - ((9 - (0 + 8)) + (-9 - 1))).
-33
What is the value of -56 + (8 + -20 + 0 - (-14 + -9))?
-45
Evaluate (37 - 83 - -84) + 13 + -5.
46
Calculate (-141 - -171) + (-2 - 0).
28
What is the value of 36 + -1 + -18 + 21 + -12?
26
Evaluate 61 - -2 - (-54 - -42) - (1 - -19).
55
What is the value of 66 - (187 - 95) - (-13 - 36)?
23
-14 + (2 - 0) + 30 + -35 - 44
-61
-6 + (2 - -9 - (-7 + (15 - -1))) + -28
-32
Evaluate -52 + (58 - -53) + -142.
-83
Calculate (-31 - (-30 + 16) - -74) + (1 - 0).
58
What is the value of (2 - 7) + -36 - ((2 + 0 - -4) + -9)?
-38
What is the value of 16 + -29 + (-7 - -36)?
16
-7 + -17 + 10 - (-45 - -42)
-11
Calculate -251 + 256 + 16 + 0 + 2 + 1.
24
What is 28 + (-6 - (-16 - -4)) + -64?
-30
Calculate -86 - (67 - 123 - -21).
-51
Evaluate (78 + -54 - -16) + (4 - (4 + (11 - 2))).
31
Calculate -12 + 1 + ((-1 - 66) + 57 - -2).
-19
((32 - 19) + -13 - (-16 + -1)) + -87
-70
7 + 8 + (27 - 59)
-17
Evaluate 23 + 0 - (-25 + (18 - -3)).
27
Calculate -51 - -96 - 51 - 28.
-34
What is -94 + 72 - (-21 + -8)?
7
What is -9 + (16 - (17 - 13 - -26))?
-23
What is the value of -3 - (-1 + 4) - (-1396 + 1389)?
1
What is the value of -70 + 14 + 21 + 17 + -23?
-41
13 + 234 + -245 + 1 + -32
-29
-24 - -25 - ((3 - -15) + -67)
50
Calculate 559 + -241 - 341 - (2 + 0 - -107).
-132
What is 3 - ((-2 + 0 - -48) + -435 + 439)?
-47
Calculate -2966 - -2979 - (1 - (2 + 0 - 4)).
10
Calculate (-577 - -488) + 13 + 19.
-57
Evaluate -5 - (-3 - (-11 - (3 + -11 + -1))).
-4
What is the value of -48 - (4 - 0) - (-23 - -11 - -6) - 12?
-58
Calculate 14 + 43 - (4 + -12) - (57 + -41).
49
What is the value of -28 - (54 - 10) - -53?
-19
What is 12 + 0 + (8 - 1) + (147 - 95) - 12?
59
What is the value of (9 - ((-3 - (5 + -42)) + -1)) + (9 - 19)?
-34
What is -78 + 107 + -33 - (-2 - (-2 + 15))?
11
-64 - -204 - (-25 + (45 - -7))
113
(74 - 54) + -7 + -5
8
Evaluate -2 - -9 - (58 - (114 - -48)).
111
What is (58 - -77) + (-36 - -22 - (0 - 10))?
131
(-5596 - -5603) + 1 + 41
49
Evaluate -40 - (62 + -61 + -11).
-30
What is -3 + (-48 - -20) - -61 - -2?
32
(-8 - -25 - (12 - 2)) + 24 + 1
32
Calculate -16 + -25 - (20 + -36).
-25
-20 + 41 + -13 + -2 + (-4 - 20)
-18
Calculate -133 + (8 - (-18 + -10 + 18 + 5)).
-120
13033 + -13032 + (46 - -1)
48
What is -11 + (1 - (13 + -10 + -10)) + (-1 - -60)?
56
Evaluate -51 + 83 + (-118 - -52).
-34
Evaluate (3 - 58) + (4 - (17 + -7 + -8)).
-53
What is the value of 10 - (-49 - (-171 + 55))?
-57
-3399 + 3335 + (69 - 2)
3
Evaluate 40 + (59 + -9 - 41).
49
Evaluate (-4 + (-21 - -20) - (44 - -2)) + 1.
-50
Calculate -1 - 0 - -9 - (-5 - -5) - (-912 - -930).
-10
What is ((-1 - 16) + 18 - -12) + (-1 - 57)?
-45
Evaluate (13 + 2 - (4 + -5 + 6)) + (-7 - 66).
-63
-2 + 4 + -76 + (7 - (-33 - (-47 - -15)))
-66
Evaluate 0 + 7 + -1 + (-11 - (-23 + -42)).
60
What is (0 - (-1 + -7 + -2) - (1698 + -1698)) + -16?
-6
Calculate -31 - (5 + -16 + -4) - -7.
-9
What is the value of 5 + (15 - 22) + -18 + 16?
-4
Evaluate (82 - 215) + 13 + 63.
-57
114 - 52 - (-7 - -15)
54
What is the value of 7 + (18 - 30) + 23 + -41?
-23
Evaluate -94 + 324 + -44 + -54.
132
(10 - (-40 + 16)) + -50
-16
What is the value of -15 - -6 - (5 - ((-3 - -5) + -31) - 3)?
-40
Calculate 8 + (60 + -3 - 78) - ((2 - 3) + -59).
47
Evaluate (-87 - -27) + (119 - 30).
29
What is the value of -36 - (5 + -40 + 7)?
-8
40 + 33 - (154 + -155 + -9 + -1)
84
Evaluate 123 - 181 - ((-3 - 27) + 8).
-36
(-15 - -1 - (-21 + -10 + 33)) + -15
-31
25 - 12 - (8 - (5 - (-11 - -71)))
-50
Calculate 7 - (-2 - -6) - (60 - (-5 - (-10 + 0))).
-52
What is the value of 0 - 12 - 98 - (-66 + 87) - 0?
-131
Calculate (-2 - 14) + (7 + (-48 - -15) - -28).
-14
-12 + (-85 - -60) - -52
15
-31 + -14 + 38 - (2 + -2 + 12)
-19
Calculate (-12 - (4 + -42)) + -56.
-30
(15 - -3) + (550 - 574)
-6
What is 24 - 53 - -30 - (2 + (3 - -15))?
-19
What is the value of 1 + 6 + -30 - (17 + -52 + 32)?
-20
-15 + 39 + -38 - -4
-10
What is 15 + (-54 - -61) - (-1 - -84)?
-61
52 + (27 + -18 + 3 + -18 - 0)
46
Calculate 45 - (-24 + 39 - -37).
-7
68 + 4 + 0 + (-92 + 10 - -63)
53
30 - (-30 + (-12 - -34 - -30))
8
What is the value of -81 - 1 - ((-29 - 31) + 61) - (9 - -1)?
-93
What is 20 + 17 + (-78 - -59)?
18
What is (-96 - (1 - -3)) + -8391 + 8376?
-115
-150 + -20 + 262 + -231
-139
What is 23 + -12 - (15 - -49) - (-6 + 1)?
-48
Evaluate -33 - (33 - (10 + 62)) - (6 + (-1 - 0)).
1
What is (-102 - -72) + 61 - 35?
-4
-12 - (28 - ((-44 - -12) + 0))
-72
Calculate -14 + (13 - (7 - (29 + -6))) - -3.
18
Evaluate 39 - (-1 + (19 - 40) + (-2 - -13)).
50
Evaluate (-2 - -1) + 91 - (51 - (255 + -219)).
75
What is -1 + -2 + (-5 - -19) + 20 + -1?
30
What is 1 - -33 - (116 - 60)?
-22
What is 124 + (-172 - -83) + -16?
19
(15 - 1) + (-43 - -10 - -15)
-4
-1730 + 1733 - (-1 - -2 - 0 - 35)
37
Evaluate 1 + 3 + -9 + 47 + 427 + -418.
51
What is the value of (-23 - 20) + 82 + -56 + 36?
19
What is (6 - (-25 + -5 + 12 - 5)) + 18 + -16?
31
Calculate -19 + 25 + 11 - (-30 - -18).
29
Calculate 1 + 16 + 3 + (287 - 153 - 154).
0
What is the value of 33 + (-11 - -52) + -24?
50
28 - 63 - 32 - -50
-17
Evaluate 19 + (21 - 13) + -10 + 14.
31
39 + -24 - (6 + -2) - (-3 - (-2 - -7))
19
What is the value of -1 + 0 + 2489 + -2527?
-39
Calculate -40 - -25 - -149 - 91.
43
32 - (-1 - 26 - -7)
52
Calculate 1 + 33 + (-13 - 2 - (26 + -34)).
27
Evaluate 73 + (-122 - (42 - 144)).
53
6 - 7 - (-21 + (62 - 30))
-12
Evaluate (109 - 124) + -112 - -74.
-53
387 + -418 - (-37 + 4)
2
10 - (72 - (10 + 16 + -27))
-63
What is -12 + (-7 - 2 - -123)?
102
(17 + -5 - (0 + 18 + -3 + -8)) + 12
17
(6 + 3 - (2 + 7) - -23) + -13
10
Calculate -20 - 50 - (-114 - -68).
-24
What is the value of (-32 + 45 - 